
81
What is the remainder when 869484 is divided by 4505?
19
What is the remainder when 14842 is divided by 54?
46
Calculate the remainder when 156558 is divided by 91.
38
Calculate the remainder when 1827 is divided by 56.
35
What is the remainder when 8789 is divided by 1253?
18
What is the remainder when 1986 is divided by 206?
132
What is the remainder when 2438 is divided by 216?
62
What is the remainder when 111942 is divided by 85?
82
Calculate the remainder when 26897 is divided by 228.
221
Calculate the remainder when 71296 is divided by 3395.
1
What is the remainder when 201267 is divided by 10?
7
Calculate the remainder when 136185 is divided by 194.
191
What is the remainder when 700405 is divided by 29?
26
What is the remainder when 8340 is divided by 1553?
575
Calculate the remainder when 91489 is divided by 391.
386
Calculate the remainder when 6882 is divided by 19.
4
What is the remainder when 1071731 is divided by 535860?
11
Calculate the remainder when 3547 is divided by 658.
257
What is the remainder when 109415 is divided by 185?
80
Calculate the remainder when 42452 is divided by 312.
20
What is the remainder when 321998 is divided by 3?
2
What is the remainder when 642430 is divided by 1135?
20
What is the remainder when 8837 is divided by 450?
287
Calculate the remainder when 104376 is divided by 34769.
69
What is the remainder when 8041 is divided by 1733?
1109
Calculate the remainder when 191757 is divided by 38350.
7
Calculate the remainder when 28382 is divided by 9396.
194
Calculate the remainder when 7623 is divided by 634.
15
What is the remainder when 2712 is divided by 832?
216
Calculate the remainder when 13 is divided by 3.
1
Calculate the remainder when 20001 is divided by 1002.
963
What is the remainder when 100024 is divided by 37?
13
What is the remainder when 164917 is divided by 266?
263
Calculate the remainder when 46548 is divided by 1224.
36
What is the remainder when 17971 is divided by 254?
191
What is the remainder when 4054 is divided by 308?
50
What is the remainder when 1862 is divided by 185?
12
Calculate the remainder when 3084 is divided by 110.
4
What is the remainder when 138 is divided by 72?
66
What is the remainder when 49863 is divided by 180?
3
What is the remainder when 72199 is divided by 200?
199
Calculate the remainder when 2290 is divided by 82.
76
Calculate the remainder when 2683 is divided by 1333.
17
What is the remainder when 6863 is divided by 313?
290
What is the remainder when 1226 is divided by 207?
191
What is the remainder when 1375947 is divided by 30?
27
What is the remainder when 3359 is divided by 597?
374
Calculate the remainder when 2790 is divided by 143.
73
Calculate the remainder when 295300 is divided by 17.
10
Calculate the remainder when 109192 is divided by 80.
72
Calculate the remainder when 2023 is divided by 92.
91
What is the remainder when 242456 is divided by 2579?
30
What is the remainder when 11849 is divided by 152?
145
What is the remainder when 10162 is divided by 22?
20
What is the remainder when 418152 is divided by 419?
409
What is the remainder when 1027 is divided by 172?
167
What is the remainder when 119108 is divided by 430?
428
Calculate the remainder when 45875 is divided by 90.
65
Calculate the remainder when 290759 is divided by 10.
9
What is the remainder when 160693 is divided by 45?
43
What is the remainder when 258733 is divided by 13?
7
What is the remainder when 991359 is divided by 29?
23
What is the remainder when 15873 is divided by 61?
13
What is the remainder when 62678 is divided by 81?
65
What is the remainder when 11308 is divided by 1342?
572
What is the remainder when 109110 is divided by 310?
300
Calculate the remainder when 3227 is divided by 1259.
709
Calculate the remainder when 7788 is divided by 1481.
383
What is the remainder when 63887 is divided by 12777?
2
Calculate the remainder when 2901 is divided by 155.
111
Calculate the remainder when 54007 is divided by 9.
7
What is the remainder when 425169 is divided by 7?
3
Calculate the remainder when 244317 is divided by 15.
12
What is the remainder when 20716 is divided by 296?
292
Calculate the remainder when 68035 is divided by 22667.
34
Calculate the remainder when 5139 is divided by 2561.
17
Calculate the remainder when 914 is divided by 235.
209
What is the remainder when 1926 is divided by 585?
171
Calculate the remainder when 24625 is divided by 153.
145
What is the remainder when 159978 is divided by 7271?
16
What is the remainder when 11590 is divided by 28?
26
Calculate the remainder when 9572 is divided by 1913.
7
Calculate the remainder when 27975 is divided by 8861.
1392
Calculate the remainder when 114153 is divided by 865.
838
What is the remainder when 34096 is divided by 81?
76
What is the remainder when 32053 is divided by 531?
193
Calculate the remainder when 29433 is divided by 478.
275
Calculate the remainder when 1789 is divided by 22.
7
What is the remainder when 11704 is divided by 382?
244
What is the remainder when 39685 is divided by 273?
100
Calculate the remainder when 576083 is divided by 81.
11
Calculate the remainder when 2953277 is divided by 44.
41
What is the remainder when 4739 is divided by 290?
99
What is the remainder when 107745 is divided by 37?
1
What is the remainder when 7949 is divided by 1587?
14
What is the remainder when 19913 is divided by 234?
23
Calculate the remainder when 123027 is divided by 364.
359
Calculate the remainder when 9805 is divided by 753.
16
Calculate the remainder when 27990 is divided by 528.
6
What is the remainder when 1650 is divided by 1528?
122
Calculate the remainder when 163947 is divided by 149.
47
Calculate the remainder when 27451 is divided by 272.
251
Calculate the remainder when 2339 is divided by 2015.
324
Calculate the remainder when 3286 is divided by 187.
107
What is the remainder when 24181 is divided by 806?
1
Calculate the remainder when 55925 is divided by 26.
25
Calculate the remainder when 20951 is divided by 137.
127
Calculate the remainder when 7967 is divided by 919.
615
Calculate the remainder when 1320 is divided by 1259.
61
What is the remainder when 835 is divided by 271?
22
What is the remainder when 5455 is divided by 1647?
514
What is the remainder when 2703 is divided by 1233?
237
What is the remainder when 11423 is divided by 5710?
3
Calculate the remainder when 110614 is divided by 74.
58
Calculate the remainder when 362972 is divided by 97.
95
What is the remainder when 24374 is divided by 168?
14
What is the remainder when 12529 is divided by 12495?
34
What is the remainder when 1556 is divided by 22?
16
What is the remainder when 162862 is divided by 32570?
12
What is the remainder when 933 is divided by 315?
303
Calculate the remainder when 705837 is divided by 40.
37
What is the remainder when 5045 is divided by 460?
445
What is the remainder when 48809 is divided by 1435?
19
What is the remainder when 12162 is divided by 2742?
1194
Calculate the remainder when 44122 is divided by 1521.
13
What is the remainder when 1460 is divided by 72?
20
Calculate the remainder when 1303 is divided by 348.
259
Calculate the remainder when 1456 is divided by 361.
12
Calculate the remainder when 4108354 is divided by 36.
34
Calculate the remainder when 21361 is divided by 40.
1
Calculate the remainder when 45612 is divided by 20.
12
What is the remainder when 422929 is divided by 1847?
1813
Calculate the remainder when 3121 is divided by 1533.
55
What is the remainder when 1140 is divided by 75?
15
Calculate the remainder when 1532199 is divided by 652.
651
What is the remainder when 7484 is divided by 11?
4
Calculate the remainder when 13287 is divided by 380.
367
What is the remainder when 1502 is divided by 508?
486
Calculate the remainder when 13329 is divided by 13241.
88
Calculate the remainder when 16386 is divided by 17.
15
Calculate the remainder when 3568 is divided by 508.
12
Calculate the remainder when 1940 is divided by 47.
13
Calculate the remainder when 39362 is divided by 729.
725
What is the remainder when 1882 is divided by 51?
46
Calculate the remainder when 1823 is divided by 373.
331
Calculate the remainder when 51397 is divided by 463.
4
Wh